{"id":120,"date":"2025-04-11T15:53:51","date_gmt":"2025-04-11T15:53:51","guid":{"rendered":"https:\/\/www.fd-alarmtechnik.de\/?page_id=120"},"modified":"2025-09-14T17:13:41","modified_gmt":"2025-09-14T17:13:41","slug":"mesmerize","status":"publish","type":"page","link":"https:\/\/www.fd-alarmtechnik.de\/","title":{"rendered":"Front Page"},"content":{"rendered":"<div  data-label=\"About\" data-id=\"about--1\" data-export-id=\"about-4\" data-category=\"about\" class=\"about-4 content-section content-section-spacing\" id=\"about-1\" style=\"background-color: rgb(245, 250, 253);\"><div  class=\"gridContainer\"> <div  class=\"row middle-sm text-center\"><div  class=\"col-sm-5 space-bottom-xs\" data-type=\"column\">  <h2  class=\"\">FD Alarmtechnik<\/h2> <p  class=\"\">Wir sind ein junges Unternehmen, gestartet in 2022.<br >Unser Ziel ist es, Deine Immobilie mit Sicherheitstechnik zu sichern.<br >Da der Aspekt der smarten Welt auch in dem Bereich \u201c Alarmanlage \u201c einzug erh\u00e4lt, haben wir uns auf smarte Alarmanlagen spezialisiert.\n<br >Batterie- und Funktechnik vereint mit einer App Nutzung runden das Paket ab<\/p> <\/div> <div  class=\"col-sm-7 flexbox center-xs middle-xs image-group-2-img\"> <img decoding=\"async\"  class=\"img-1 shadow-large\" data-size=\"250x200\" src=\"https:\/\/www.fd-alarmtechnik.de\/wp-content\/uploads\/2025\/09\/cropped-DE-Guarding-your-productivity-A1-preview-scaled-1.jpg\" title=\"DE Guarding your productivity A1 preview\" alt=\"\"> <img decoding=\"async\"  class=\"img-2 shadow-large\" data-size=\"220x170\" src=\"https:\/\/www.fd-alarmtechnik.de\/wp-content\/uploads\/2025\/04\/cropped-FD-Alarmtechnik-Logo-1.png\" title=\"cropped-FD-Alarmtechnik-Logo-1.png\" alt=\"\"><\/div> <\/div><\/div> <\/div><div  data-label=\"Features\" data-id=\"features--2\" data-export-id=\"features-13\" data-category=\"features\" class=\"features-13 content-section content-section-spacing\" id=\"features-5\" style=\"background-color: rgb(245, 250, 253);\"><div  class=\"gridContainer\"> <div  class=\"row text-center\"><div  class=\"section-title-col\" data-type=\"column\"> <h2  class=\"\">Was bedeutet \u201eGrade 2\u201c ?<\/h2> <p  class=\"lead\">\u201eGrade 2\u201c bezieht sich auf eine Sicherheitsklassifizierung f\u00fcr Alarmsysteme, die von der europ\u00e4ischen Norm EN 50131 festgelegt wird und f\u00fcr die meisten privaten und gewerblichen Anlagen mit mittlerem Risiko die empfohlene Sicherheitsstufe darstellt.&nbsp;<\/p><\/div> <\/div> <div  class=\"row spaced-cols\" data-type=\"row\"> <div  class=\"col col-sm-6 col-md-3 space-bottom\"> <i  class=\"fa icon fa-connectdevelop big round bordered color1\"><\/i> <h4  class=\"\">Versicherungsrelevanz<\/h4> <p  class=\"\">Eine Absicherung nach Grade 2 kann f\u00fcr Versicherungszwecke relevant sein und wird von vielen Versicherern anerkannt<\/p> <\/div> <div  class=\"col col-sm-6 col-md-3 space-bottom\"><i  class=\"fa icon fa-connectdevelop big round bordered color1\"><\/i> <h4  class=\"\">Hoher Einbruchschutz<\/h4> <p  class=\"\">Die Zertifizierung gew\u00e4hrleistet, dass die Alarmsysteme von Ajax einen effektiven Schutz gegen unbefugtes Eindringen bieten<\/p> <\/div> <div  class=\"col col-sm-6 col-md-3 space-bottom\"><i  class=\"fa icon fa-connectdevelop big round bordered color1\"><\/i> <h4  class=\"\">Anwendungsbereich<\/h4> <p  class=\"\">Diese Stufe wird von Polizei und Versicherungen oft f\u00fcr private Haushalte und kleinere Gewerbebetriebe empfohlen, die ein mittleres Risiko aufweisen<\/p> <\/div> <div  class=\"col col-sm-6 col-md-3 space-bottom\"><i  class=\"fa icon fa-codepen big round bordered color1\"><\/i> <h4  class=\"\">Sicherheitsstandard<\/h4> <p  class=\"\">Grade 2 ist eine von vier Sicherheitsstufen nach der EN 50131-Norm, die den Widerstand eines Alarmsystems gegen Manipulation und Einbruch beschreibt<\/p> <\/div> <\/div><\/div> <\/div><div  id=\"content-13\" style=\"background-color: #f5fafd;\" data-label=\"Content\" data-id=\"content-2\" data-export-id=\"content-2\" data-category=\"content\" class=\"content-2 content-section content-section-spacing\"><div > <div  class=\"row middle-xs\"><div  class=\"col-sm-5 bg-image shadow-large-black\" data-bg=\"image\" style=\"background-image: url(&quot;https:\/\/www.fd-alarmtechnik.de\/wp-content\/uploads\/2025\/09\/cropped-DE-Poster-A1-Superior-preview.png&quot;);\"><\/div> <div  class=\"col-sm-7 full-col-left-padding full-col-right-padding\"> <div  class=\"row\"> <div  data-type=\"column\" class=\"space-bottom-small content-title-col\">  <h2  class=\"\">Sicherheit und Meldung<\/h2> <p  class=\"\">Die Alarmanlage ist heutzutage nicht nur eine Einbruchmeldeanlage.\n<br >&nbsp;Sie hat viel mehr zu bieten!<\/p><\/div> <\/div> <div  class=\"row spaced-cols \" data-type=\"row\"> <div  class=\"col-xs-6\" data-type=\"column\"> <h5  class=\"\">Relais und Transmitter<\/h5> <p  class=\"\">Licht schalten oder Daten von einem Drittanbieter senden<\/p><\/div> <div  class=\"col-xs-6\" data-type=\"column\"><h5  class=\"\">Wasserventil<\/h5> <p  class=\"\">Sollte der Wassermelder ausl\u00f6sen, kann das Wasserventil die Leitung absperren<\/p><\/div> <div  class=\"col-xs-6\" data-type=\"column\"><h5  class=\"\">WASSERMELDER<\/h5> <p  class=\"\">Entweder im Hausanschlussraum oder in de Waschk\u00fcche<\/p><\/div> <div  class=\"col-xs-6\" data-type=\"column\"><h5  class=\"\">PANIKMELDER<\/h5> <p  class=\"\">Ob im Garten, B\u00fcro, Frontdesk oder im Haus \/ Wohnung<\/p><\/div> <\/div><\/div> <\/div><\/div> <\/div><div  data-label=\"Features\" data-id=\"features--1\" data-export-id=\"features-16\" data-category=\"features\" class=\"features-16 content-section content-section-spacing\" id=\"features-4\" style=\"background-color: rgb(255, 255, 255);\"><div  class=\"gridContainer\"> <div  class=\"row text-center\"><div  class=\"section-title-col\" data-type=\"column\"> <h2  class=\"\">Weitere Technik<\/h2> <p  class=\"lead\"><\/p><\/div> <\/div> <div  class=\"row spaced-cols\" data-type=\"row\"> <div  class=\"col-xs-12 col-sm-6 col-md-4 space-bottom\"> <img  decoding=\"async\" class=\"face\" src=\"https:\/\/www.fd-alarmtechnik.de\/wp-content\/uploads\/2025\/09\/cropped-DE-Poster-Outdoor-intrusion-protection-594x841-mm-preview.jpg\" title=\"cropped-DE-Poster-Outdoor-intrusion-protection-594x841-mm-preview.jpg\" alt=\"\"> <div  data-type=\"column\" class=\"col-padding-small col-padding-small-xs description-container\"> <h4  class=\"font-500\">&nbsp; &nbsp; &nbsp; &nbsp; &nbsp; &nbsp; Einbruchschutz f\u00fcr den&nbsp; &nbsp; &nbsp; &nbsp; &nbsp; &nbsp; &nbsp; &nbsp; &nbsp; &nbsp; &nbsp; &nbsp; &nbsp; &nbsp; &nbsp; Aussenbereich<\/h4> <p  class=\"\">Ob Aussensirene oder Outdoor Bewegungsmelder, AJAX bietet vielf\u00e4ltige M\u00f6glichkeiten, den Aussenbereich abzusichern<\/p> <\/div> <\/div> <div  class=\"col-xs-12 col-sm-6 col-md-4 space-bottom\"> <img  decoding=\"async\" class=\"face\" src=\"https:\/\/www.fd-alarmtechnik.de\/wp-content\/uploads\/2025\/09\/cropped-DE-Poster-A1-Video-surveillance-preview.png\" title=\"cropped-DE-Poster-A1-Video-surveillance-preview.png\" alt=\"\"> <div  data-type=\"column\" class=\"col-padding-small col-padding-small-xs description-container\"> <h4  class=\"font-500\">&nbsp; &nbsp; &nbsp; &nbsp; &nbsp; &nbsp; &nbsp; &nbsp; Video\u00fcberwachung<\/h4> <p  class=\"\">Sofortige \u00dcberpr\u00fcfung von Alarmen, Zugriff auf Kamerabilder und Verwaltung der Video\u00fcberwachung \u2014 alles direkt in Ihrer \u00dcberwachungssoftware. Einfache Einrichtung, nahtlose Integration<\/p> <\/div> <\/div> <div  class=\"col-xs-12 col-sm-6 col-md-4 space-bottom\"> <img  decoding=\"async\" class=\"face\" src=\"https:\/\/www.fd-alarmtechnik.de\/wp-content\/uploads\/2025\/09\/feuer-und-rauch-3.png\" title=\"feuer und rauch\" alt=\"\"> <div  data-type=\"column\" class=\"col-padding-small col-padding-small-xs description-container\"> <h4  class=\"font-500\">&nbsp; &nbsp; &nbsp; &nbsp; Brandschutz und Sicherheit<\/h4> <p  class=\"\">Drahtloser Brandmelder mit Temperatursensor, der die Sicherheit im Raum 24 Stunden am Tag \u00fcberwacht und sofort auf Rauch und starke Temperaturspr\u00fcnge aufmerksam macht.<\/p> <\/div> <\/div><\/div> <\/div><\/div>","protected":false},"excerpt":{"rendered":"<p>FD Alarmtechnik Wir sind ein junges Unternehmen, gestartet in 2022.Unser Ziel ist es, Deine Immobilie mit Sicherheitstechnik zu sichern.Da der Aspekt der smarten Welt auch in dem Bereich \u201c Alarmanlage \u201c einzug erh\u00e4lt, haben wir uns auf smarte Alarmanlagen spezialisiert. Batterie- und Funktechnik vereint mit einer App Nutzung runden das Paket ab Was bedeutet \u201eGrade&hellip; <br \/> <a class=\"read-more\" href=\"https:\/\/www.fd-alarmtechnik.de\/\">Weiterlesen<\/a><\/p>\n","protected":false},"author":1,"featured_media":0,"parent":0,"menu_order":0,"comment_status":"closed","ping_status":"closed","template":"page-templates\/homepage.php","meta":{"footnotes":""},"class_list":["post-120","page","type-page","status-publish","hentry"],"_links":{"self":[{"href":"https:\/\/www.fd-alarmtechnik.de\/index.php?rest_route=\/wp\/v2\/pages\/120","targetHints":{"allow":["GET"]}}],"collection":[{"href":"https:\/\/www.fd-alarmtechnik.de\/index.php?rest_route=\/wp\/v2\/pages"}],"about":[{"href":"https:\/\/www.fd-alarmtechnik.de\/index.php?rest_route=\/wp\/v2\/types\/page"}],"author":[{"embeddable":true,"href":"https:\/\/www.fd-alarmtechnik.de\/index.php?rest_route=\/wp\/v2\/users\/1"}],"replies":[{"embeddable":true,"href":"https:\/\/www.fd-alarmtechnik.de\/index.php?rest_route=%2Fwp%2Fv2%2Fcomments&post=120"}],"version-history":[{"count":12,"href":"https:\/\/www.fd-alarmtechnik.de\/index.php?rest_route=\/wp\/v2\/pages\/120\/revisions"}],"predecessor-version":[{"id":200,"href":"https:\/\/www.fd-alarmtechnik.de\/index.php?rest_route=\/wp\/v2\/pages\/120\/revisions\/200"}],"wp:attachment":[{"href":"https:\/\/www.fd-alarmtechnik.de\/index.php?rest_route=%2Fwp%2Fv2%2Fmedia&parent=120"}],"curies":[{"name":"wp","href":"https:\/\/api.w.org\/{rel}","templated":true}]}}